{"id":217,"date":"2025-04-10T08:02:52","date_gmt":"2025-04-10T08:02:52","guid":{"rendered":"https:\/\/galleri-guldlok.dk\/?page_id=217"},"modified":"2026-01-19T07:40:31","modified_gmt":"2026-01-19T07:40:31","slug":"billeder-og-musik","status":"publish","type":"page","link":"https:\/\/galleri-guldlok.dk\/index.php\/billeder-og-musik\/","title":{"rendered":"Billeder og Musik"},"content":{"rendered":"\n<p class=\"has-text-align-center\"><br><\/p>\n\n\n\n<h2 class=\"wp-block-heading has-text-align-center has-text-color has-link-color wp-elements-23b818308d8aae56227eab839e6b1143\" style=\"color:#b35716\">BILLEDER &#8211; MALERIER og MUSIK<\/h2>\n\n\n\n<p class=\"has-text-align-center has-text-color has-link-color wp-elements-960a1e6f4caccd4635173b96c64986dc\" style=\"color:#531a88\">Som intuitiv pianist dukker der ofte klange og toner frem, som jeg efterf\u00f8lgende f\u00e5r lyst til at s\u00e6tte billeder p\u00e5! Her p\u00e5 siden finder du sm\u00e5 videoer med eksempler p\u00e5 billeder &#8211; dels malerier, dels fotoer &#8211; der er flettet sammen med en af mine mange kompositioner.<\/p>\n\n\n\n<h2 class=\"wp-block-heading has-text-align-center has-text-color has-link-color wp-elements-a591e75ef7e9d8a70879071873983693\" style=\"color:#b35716\">Eksempel p\u00e5 malerier sammen med min musik<\/h2>\n\n\n\n<p class=\"has-text-align-center has-text-color has-link-color wp-elements-59c1c971a05f496d3f77639e6ff3ae39\" style=\"color:#531a88\">V\u00e6rker nr. 1 og nr. 2 er v\u00e6rker, hvor du sammen med musikken g\u00e5r p\u00e5 opdagelse i maleriet. Processen er meget lignende en indlevelse i et<a href=\"https:\/\/galleri-guldlok.dk\/index.php\/malerier-og-portaler\/\"> <\/a><a href=\"https:\/\/galleri-guldlok.dk\/index.php\/portaler-i-malerier\/\">maleri uden musik<\/a><a href=\"https:\/\/galleri-guldlok.dk\/index.php\/musik\/\">,<\/a> hvor du ogs\u00e5 her opdager sm\u00e5 magiske skikkelser, ansigter, dyr eller andre v\u00e6sner, der dukker frem!<\/p>\n\n\n\n<p class=\"has-text-align-center has-text-color has-link-color wp-elements-f9a702c0bdcc28ebd56c0bde43484588\" style=\"color:#531a88\">Stemningen i musikken kan medvirker til udvidelse, af det du tidligere har bem\u00e6rket &#8211;  mulighed for at f\u00f8re dig ind i andre ellers usynlige lag! <\/p>\n\n\n\n<p class=\"has-text-align-center has-text-color has-link-color wp-elements-82bc09007c15ed819125d92abf12968a\" style=\"color:#531a88\">Selv bliver jeg nok aldrig f\u00e6rdig med at lade mig overraske! Der dukker fortsat noget nyt op, og lige overraskende hver gang. At det ogs\u00e5 h\u00e6nger sammen med, hvor du er i livet og hvilket sindsstemning du er i, g\u00f8r det ikke mindre sp\u00e6ndende!<\/p>\n\n\n\n<p class=\"has-text-align-center has-text-color has-link-color wp-elements-20c25f8d6a1ec2798be46779a7049a0f\" style=\"color:#531a88\"> &#8211; Nyd det! G\u00e5 p\u00e5 opdagelse i livets billeder og tillad dig selv at blive overrasket &#8211;<\/p>\n\n\n\n<figure class=\"wp-block-embed is-type-video is-provider-vimeo wp-block-embed-vimeo wp-embed-aspect-16-9 wp-has-aspect-ratio\"><div class=\"wp-block-embed__wrapper\">\n<iframe loading=\"lazy\" title=\"Forvandling nr. 1\" src=\"https:\/\/player.vimeo.com\/video\/1130642028?dnt=1&amp;app_id=122963\" width=\"525\" height=\"295\" frameborder=\"0\" allow=\"autoplay; fullscreen; picture-in-picture; clipboard-write; encrypted-media; web-share\" referrerpolicy=\"strict-origin-when-cross-origin\"><\/iframe>\n<\/div><\/figure>\n\n\n\n<figure class=\"wp-block-embed is-type-video is-provider-vimeo wp-block-embed-vimeo wp-embed-aspect-16-9 wp-has-aspect-ratio\"><div class=\"wp-block-embed__wrapper\">\n<iframe loading=\"lazy\" title=\"Forvandling nr. 2\" src=\"https:\/\/player.vimeo.com\/video\/1130642869?dnt=1&amp;app_id=122963\" width=\"525\" height=\"295\" frameborder=\"0\" allow=\"autoplay; fullscreen; picture-in-picture; clipboard-write; encrypted-media; web-share\" referrerpolicy=\"strict-origin-when-cross-origin\"><\/iframe>\n<\/div><\/figure>\n\n\n\n<p><\/p>\n\n\n\n<h2 class=\"wp-block-heading has-text-align-center has-text-color has-link-color wp-elements-aeadba1b700d3f40689ec2ed659fb2cc\" style=\"color:#b35716\">BILLEDER\/FOTOGRAFIER og MUSIK<\/h2>\n\n\n\n<p class=\"has-text-align-center\"><\/p>\n\n\n\n<figure class=\"wp-block-embed is-type-video is-provider-vimeo wp-block-embed-vimeo wp-embed-aspect-16-9 wp-has-aspect-ratio\"><div class=\"wp-block-embed__wrapper\">\n<iframe loading=\"lazy\" title=\"snekone p\u00e5 tur\" src=\"https:\/\/player.vimeo.com\/video\/1152226147?dnt=1&amp;app_id=122963\" width=\"525\" height=\"295\" frameborder=\"0\" allow=\"autoplay; fullscreen; picture-in-picture; clipboard-write; encrypted-media; web-share\" referrerpolicy=\"strict-origin-when-cross-origin\"><\/iframe>\n<\/div><\/figure>\n\n\n\n<figure class=\"wp-block-embed is-type-video is-provider-vimeo wp-block-embed-vimeo wp-embed-aspect-16-9 wp-has-aspect-ratio\"><div class=\"wp-block-embed__wrapper\">\n<iframe loading=\"lazy\" title=\"de finurlige veje .movie\" src=\"https:\/\/player.vimeo.com\/video\/1149689127?dnt=1&amp;app_id=122963\" width=\"525\" height=\"295\" frameborder=\"0\" allow=\"autoplay; fullscreen; picture-in-picture; clipboard-write; encrypted-media; web-share\" referrerpolicy=\"strict-origin-when-cross-origin\"><\/iframe>\n<\/div><\/figure>\n\n\n\n<figure class=\"wp-block-embed is-type-video is-provider-youtube wp-block-embed-youtube wp-embed-aspect-16-9 wp-has-aspect-ratio\"><div class=\"wp-block-embed__wrapper\">\n<iframe loading=\"lazy\" title=\"HealingGennemMusik nr. 2\" width=\"525\" height=\"295\" src=\"https:\/\/www.youtube.com\/embed\/ymt9uIox9-Q?feature=oembed\" frameborder=\"0\" allow=\"accelerometer; autoplay; clipboard-write; encrypted-media; gyroscope; picture-in-picture; web-share\" referrerpolicy=\"strict-origin-when-cross-origin\" allowfullscreen><\/iframe>\n<\/div><\/figure>\n\n\n\n<figure class=\"wp-block-embed is-type-video is-provider-youtube wp-block-embed-youtube wp-embed-aspect-4-3 wp-has-aspect-ratio\"><div class=\"wp-block-embed__wrapper\">\n<iframe loading=\"lazy\" title=\"HealingGennemMusik nr. 1\" width=\"525\" height=\"394\" src=\"https:\/\/www.youtube.com\/embed\/3srRYBvh1fc?feature=oembed\" frameborder=\"0\" allow=\"accelerometer; autoplay; clipboard-write; encrypted-media; gyroscope; picture-in-picture; web-share\" referrerpolicy=\"strict-origin-when-cross-origin\" allowfullscreen><\/iframe>\n<\/div><\/figure>\n\n\n\n<p><\/p>\n\n\n\n<figure class=\"wp-block-embed is-type-video is-provider-youtube wp-block-embed-youtube wp-embed-aspect-16-9 wp-has-aspect-ratio\"><div class=\"wp-block-embed__wrapper\">\n<iframe loading=\"lazy\" title=\"Metafor Indsigt og Udsigt\" width=\"525\" height=\"295\" src=\"https:\/\/www.youtube.com\/embed\/OEmznnshczs?feature=oembed\" frameborder=\"0\" allow=\"accelerometer; autoplay; clipboard-write; encrypted-media; gyroscope; picture-in-picture; web-share\" referrerpolicy=\"strict-origin-when-cross-origin\" allowfullscreen><\/iframe>\n<\/div><figcaption class=\"wp-element-caption\">Udsigt med Indsigt &#8211; metafor &#8211;<\/figcaption><\/figure>\n\n\n\n<p>.<\/p>\n\n\n\n<p><a href=\"https:\/\/galleri-guldlok.dk\/index.php\/billeder-og-musik\/\">Tilbage til toppen<\/a><\/p>\n\n\n\n<p><a href=\"https:\/\/galleri-guldlok.dk\/\" data-type=\"page\" data-id=\"10\">Tilbage til forside<\/a><\/p>\n\n\n\n<p><\/p>\n","protected":false},"excerpt":{"rendered":"<p>BILLEDER &#8211; MALERIER og MUSIK Som intuitiv pianist dukker der ofte klange og toner frem, som jeg efterf\u00f8lgende f\u00e5r lyst til at s\u00e6tte billeder p\u00e5! Her p\u00e5 siden finder du sm\u00e5 videoer med eksempler p\u00e5 billeder &#8211; dels malerier, dels fotoer &#8211; der er flettet sammen med en af mine mange kompositioner. Eksempel p\u00e5 malerier &hellip; <\/p>\n<p class=\"link-more\"><a href=\"https:\/\/galleri-guldlok.dk\/index.php\/billeder-og-musik\/\" class=\"more-link\">L\u00e6s videre<span class=\"screen-reader-text\"> &#8220;Billeder og Musik&#8221;<\/span><\/a><\/p>\n","protected":false},"author":1,"featured_media":0,"parent":0,"menu_order":0,"comment_status":"closed","ping_status":"closed","template":"","meta":{"footnotes":""},"class_list":["post-217","page","type-page","status-publish","hentry"],"yoast_head":"<!-- This site is optimized with the Yoast SEO plugin v27.3 - https:\/\/yoast.com\/product\/yoast-seo-wordpress\/ -->\n<title>Billeder og Musik - galleri-guldlok<\/title>\n<meta name=\"description\" content=\"videoer med eksempler p\u00e5 billeder - dels malerier, dels fotoer - der er flettet sammen med en af mine mange musik kompositioner.\" \/>\n<meta name=\"robots\" content=\"index, follow, max-snippet:-1, max-image-preview:large, max-video-preview:-1\" \/>\n<link rel=\"canonical\" href=\"https:\/\/galleri-guldlok.dk\/index.php\/billeder-og-musik\/\" \/>\n<meta property=\"og:locale\" content=\"da_DK\" \/>\n<meta property=\"og:type\" content=\"article\" \/>\n<meta property=\"og:title\" content=\"Billeder og Musik - galleri-guldlok\" \/>\n<meta property=\"og:description\" content=\"videoer med eksempler p\u00e5 billeder - dels malerier, dels fotoer - der er flettet sammen med en af mine mange musik kompositioner.\" \/>\n<meta property=\"og:url\" content=\"https:\/\/galleri-guldlok.dk\/index.php\/billeder-og-musik\/\" \/>\n<meta property=\"og:site_name\" content=\"galleri-guldlok\" \/>\n<meta property=\"article:modified_time\" content=\"2026-01-19T07:40:31+00:00\" \/>\n<meta name=\"twitter:card\" content=\"summary_large_image\" \/>\n<meta name=\"twitter:label1\" content=\"Estimeret l\u00e6setid\" \/>\n\t<meta name=\"twitter:data1\" content=\"2 minutter\" \/>\n<script type=\"application\/ld+json\" class=\"yoast-schema-graph\">{\"@context\":\"https:\\\/\\\/schema.org\",\"@graph\":[{\"@type\":\"WebPage\",\"@id\":\"https:\\\/\\\/galleri-guldlok.dk\\\/index.php\\\/billeder-og-musik\\\/\",\"url\":\"https:\\\/\\\/galleri-guldlok.dk\\\/index.php\\\/billeder-og-musik\\\/\",\"name\":\"Billeder og Musik - galleri-guldlok\",\"isPartOf\":{\"@id\":\"https:\\\/\\\/galleri-guldlok.dk\\\/#website\"},\"datePublished\":\"2025-04-10T08:02:52+00:00\",\"dateModified\":\"2026-01-19T07:40:31+00:00\",\"description\":\"videoer med eksempler p\u00e5 billeder - dels malerier, dels fotoer - der er flettet sammen med en af mine mange musik kompositioner.\",\"breadcrumb\":{\"@id\":\"https:\\\/\\\/galleri-guldlok.dk\\\/index.php\\\/billeder-og-musik\\\/#breadcrumb\"},\"inLanguage\":\"da-DK\",\"potentialAction\":[{\"@type\":\"ReadAction\",\"target\":[\"https:\\\/\\\/galleri-guldlok.dk\\\/index.php\\\/billeder-og-musik\\\/\"]}]},{\"@type\":\"BreadcrumbList\",\"@id\":\"https:\\\/\\\/galleri-guldlok.dk\\\/index.php\\\/billeder-og-musik\\\/#breadcrumb\",\"itemListElement\":[{\"@type\":\"ListItem\",\"position\":1,\"name\":\"Hjem\",\"item\":\"https:\\\/\\\/galleri-guldlok.dk\\\/\"},{\"@type\":\"ListItem\",\"position\":2,\"name\":\"Billeder og Musik\"}]},{\"@type\":\"WebSite\",\"@id\":\"https:\\\/\\\/galleri-guldlok.dk\\\/#website\",\"url\":\"https:\\\/\\\/galleri-guldlok.dk\\\/\",\"name\":\"galleri-guldlok\",\"description\":\"En magisk billedeverden v\\\/AnnaBodil Lildholdt Rytz\",\"publisher\":{\"@id\":\"https:\\\/\\\/galleri-guldlok.dk\\\/#\\\/schema\\\/person\\\/13f16e1261ba18c8bc6c47510b9355ee\"},\"potentialAction\":[{\"@type\":\"SearchAction\",\"target\":{\"@type\":\"EntryPoint\",\"urlTemplate\":\"https:\\\/\\\/galleri-guldlok.dk\\\/?s={search_term_string}\"},\"query-input\":{\"@type\":\"PropertyValueSpecification\",\"valueRequired\":true,\"valueName\":\"search_term_string\"}}],\"inLanguage\":\"da-DK\"},{\"@type\":[\"Person\",\"Organization\"],\"@id\":\"https:\\\/\\\/galleri-guldlok.dk\\\/#\\\/schema\\\/person\\\/13f16e1261ba18c8bc6c47510b9355ee\",\"name\":\"admin\",\"image\":{\"@type\":\"ImageObject\",\"inLanguage\":\"da-DK\",\"@id\":\"https:\\\/\\\/galleri-guldlok.dk\\\/wp-content\\\/uploads\\\/2025\\\/04\\\/cropped-solsving.jpg\",\"url\":\"https:\\\/\\\/galleri-guldlok.dk\\\/wp-content\\\/uploads\\\/2025\\\/04\\\/cropped-solsving.jpg\",\"contentUrl\":\"https:\\\/\\\/galleri-guldlok.dk\\\/wp-content\\\/uploads\\\/2025\\\/04\\\/cropped-solsving.jpg\",\"width\":2000,\"height\":1200,\"caption\":\"admin\"},\"logo\":{\"@id\":\"https:\\\/\\\/galleri-guldlok.dk\\\/wp-content\\\/uploads\\\/2025\\\/04\\\/cropped-solsving.jpg\"},\"sameAs\":[\"https:\\\/\\\/galleri-guldlok.dk\"]}]}<\/script>\n<!-- \/ Yoast SEO plugin. -->","yoast_head_json":{"title":"Billeder og Musik - galleri-guldlok","description":"videoer med eksempler p\u00e5 billeder - dels malerier, dels fotoer - der er flettet sammen med en af mine mange musik kompositioner.","robots":{"index":"index","follow":"follow","max-snippet":"max-snippet:-1","max-image-preview":"max-image-preview:large","max-video-preview":"max-video-preview:-1"},"canonical":"https:\/\/galleri-guldlok.dk\/index.php\/billeder-og-musik\/","og_locale":"da_DK","og_type":"article","og_title":"Billeder og Musik - galleri-guldlok","og_description":"videoer med eksempler p\u00e5 billeder - dels malerier, dels fotoer - der er flettet sammen med en af mine mange musik kompositioner.","og_url":"https:\/\/galleri-guldlok.dk\/index.php\/billeder-og-musik\/","og_site_name":"galleri-guldlok","article_modified_time":"2026-01-19T07:40:31+00:00","twitter_card":"summary_large_image","twitter_misc":{"Estimeret l\u00e6setid":"2 minutter"},"schema":{"@context":"https:\/\/schema.org","@graph":[{"@type":"WebPage","@id":"https:\/\/galleri-guldlok.dk\/index.php\/billeder-og-musik\/","url":"https:\/\/galleri-guldlok.dk\/index.php\/billeder-og-musik\/","name":"Billeder og Musik - galleri-guldlok","isPartOf":{"@id":"https:\/\/galleri-guldlok.dk\/#website"},"datePublished":"2025-04-10T08:02:52+00:00","dateModified":"2026-01-19T07:40:31+00:00","description":"videoer med eksempler p\u00e5 billeder - dels malerier, dels fotoer - der er flettet sammen med en af mine mange musik kompositioner.","breadcrumb":{"@id":"https:\/\/galleri-guldlok.dk\/index.php\/billeder-og-musik\/#breadcrumb"},"inLanguage":"da-DK","potentialAction":[{"@type":"ReadAction","target":["https:\/\/galleri-guldlok.dk\/index.php\/billeder-og-musik\/"]}]},{"@type":"BreadcrumbList","@id":"https:\/\/galleri-guldlok.dk\/index.php\/billeder-og-musik\/#breadcrumb","itemListElement":[{"@type":"ListItem","position":1,"name":"Hjem","item":"https:\/\/galleri-guldlok.dk\/"},{"@type":"ListItem","position":2,"name":"Billeder og Musik"}]},{"@type":"WebSite","@id":"https:\/\/galleri-guldlok.dk\/#website","url":"https:\/\/galleri-guldlok.dk\/","name":"galleri-guldlok","description":"En magisk billedeverden v\/AnnaBodil Lildholdt Rytz","publisher":{"@id":"https:\/\/galleri-guldlok.dk\/#\/schema\/person\/13f16e1261ba18c8bc6c47510b9355ee"},"potentialAction":[{"@type":"SearchAction","target":{"@type":"EntryPoint","urlTemplate":"https:\/\/galleri-guldlok.dk\/?s={search_term_string}"},"query-input":{"@type":"PropertyValueSpecification","valueRequired":true,"valueName":"search_term_string"}}],"inLanguage":"da-DK"},{"@type":["Person","Organization"],"@id":"https:\/\/galleri-guldlok.dk\/#\/schema\/person\/13f16e1261ba18c8bc6c47510b9355ee","name":"admin","image":{"@type":"ImageObject","inLanguage":"da-DK","@id":"https:\/\/galleri-guldlok.dk\/wp-content\/uploads\/2025\/04\/cropped-solsving.jpg","url":"https:\/\/galleri-guldlok.dk\/wp-content\/uploads\/2025\/04\/cropped-solsving.jpg","contentUrl":"https:\/\/galleri-guldlok.dk\/wp-content\/uploads\/2025\/04\/cropped-solsving.jpg","width":2000,"height":1200,"caption":"admin"},"logo":{"@id":"https:\/\/galleri-guldlok.dk\/wp-content\/uploads\/2025\/04\/cropped-solsving.jpg"},"sameAs":["https:\/\/galleri-guldlok.dk"]}]}},"_links":{"self":[{"href":"https:\/\/galleri-guldlok.dk\/index.php\/wp-json\/wp\/v2\/pages\/217","targetHints":{"allow":["GET"]}}],"collection":[{"href":"https:\/\/galleri-guldlok.dk\/index.php\/wp-json\/wp\/v2\/pages"}],"about":[{"href":"https:\/\/galleri-guldlok.dk\/index.php\/wp-json\/wp\/v2\/types\/page"}],"author":[{"embeddable":true,"href":"https:\/\/galleri-guldlok.dk\/index.php\/wp-json\/wp\/v2\/users\/1"}],"replies":[{"embeddable":true,"href":"https:\/\/galleri-guldlok.dk\/index.php\/wp-json\/wp\/v2\/comments?post=217"}],"version-history":[{"count":40,"href":"https:\/\/galleri-guldlok.dk\/index.php\/wp-json\/wp\/v2\/pages\/217\/revisions"}],"predecessor-version":[{"id":858,"href":"https:\/\/galleri-guldlok.dk\/index.php\/wp-json\/wp\/v2\/pages\/217\/revisions\/858"}],"wp:attachment":[{"href":"https:\/\/galleri-guldlok.dk\/index.php\/wp-json\/wp\/v2\/media?parent=217"}],"curies":[{"name":"wp","href":"https:\/\/api.w.org\/{rel}","templated":true}]}}