{"id":699,"date":"2025-10-24T22:25:00","date_gmt":"2025-10-24T22:25:00","guid":{"rendered":"https:\/\/galleri-guldlok.dk\/?page_id=699"},"modified":"2025-10-26T20:30:51","modified_gmt":"2025-10-26T20:30:51","slug":"butik","status":"publish","type":"page","link":"https:\/\/galleri-guldlok.dk\/index.php\/butik\/","title":{"rendered":"Butik"},"content":{"rendered":"\n<p><\/p>\n\n\n\n<p class=\"has-text-color has-link-color has-medium-font-size wp-elements-053f10640f58849a21dc3aace670a3d5\" style=\"color:#b35716\">Har du brug for &#8211; eller kunne du t\u00e6nke dig &#8211; et personligt kanaliseret billede til dig selv?<\/p>\n\n\n\n<p class=\"has-text-color has-link-color wp-elements-8ba5de761ee2a75c2e50e2448d26caa3\" style=\"color:#531a88\"><strong>Jeg kan tilbyde &#8211; og har tilbud p\u00e5 f\u00f8lgende:<\/strong><\/p>\n\n\n\n<p class=\"has-text-color has-link-color wp-elements-fc8ad43c1321c7d06c7e268e55cbdca4\" style=\"color:#531a88\">1. Intuitive malerier kanaliseret personligt til dig (billede sendes i jpg format, der kan \u00e5bnes p\u00e5 alle enheder. <br><br>2. Samme som 1. men inkl. kanaliseret musik indspillet personligt til dig. Det sendes i digital videoformat til afspilning p\u00e5 din enhed  (se eks. under <a href=\"https:\/\/galleri-guldlok.dk\/index.php\/billeder-og-musik\/\">malerier og musik<\/a>)  &#8211; eller du kan v\u00e6lge, at f\u00e5 det tilsendt hver for sig &#8211; dels lydfilen\/mp3, dels billedfilen\/jpg. ) se for priser herunder.<\/p>\n\n\n\n<p class=\"has-text-color has-link-color wp-elements-35006a9a64c651b21cfb52e217023655\" style=\"color:#531a88\">Priser fra 200 kr. &#8211; 500 kr. <br>&#8211; Personligt kanaliseret maleri pris:  200 kr.<br>&#8211; Personlig indspillet musik pris:   250 kr.<br>&#8211; Maleri og musik sammen i videoformat pris: 500 kr.<\/p>\n\n\n\n<p class=\"has-text-color has-link-color wp-elements-b3733ef27a8483cf70c463a0f0a34e4b\" style=\"color:#531a88\">Betaling sker efter, at du har modtaget din bestilling, og har godkendt den!<br>Betaling:  MobilePay eller Bankoverf\u00f8rsel<\/p>\n\n\n\n<p class=\"has-text-color has-link-color wp-elements-fa911da1a82680d839a712a40dc31ca5\" style=\"color:#531a88\"><strong>Se ogs\u00e5<\/strong> <a href=\"https:\/\/galleri-guldlok.dk\/index.php\/portaler-i-naturen\/\">Portal i Naturen<\/a> for k\u00f8b af billeder (info findes nederst p\u00e5 siden)<\/p>\n\n\n\n<p class=\"has-text-color has-link-color wp-elements-f529b9229513d6d243b53f091f7d0161\" style=\"color:#531a88\"><a href=\"https:\/\/galleri-guldlok.dk\/index.php\/kontakt-og-link\/\">Kontakt<\/a> mig gerne uforpligtende, for sp\u00f8rgsm\u00e5l, yderligere info og\/eller bestilling<\/p>\n\n\n\n<p class=\"has-text-color has-link-color wp-elements-f0f427cb31a24c9400ac538b5267ca67\" style=\"color:#531a88\">.<\/p>\n\n\n\n<p><\/p>\n\n\n\n<p class=\"has-text-color has-link-color wp-elements-785834bd656f87fcdd3f72ff3392e38c\" style=\"color:#2a8356\"><strong>Reference<\/strong> <br>(under opdatering)<\/p>\n\n\n\n<figure class=\"wp-block-image size-large is-resized\"><img loading=\"lazy\" decoding=\"async\" width=\"1024\" height=\"711\" src=\"https:\/\/galleri-guldlok.dk\/wp-content\/uploads\/2025\/10\/A-personlig-billede-1024x711.jpg\" alt=\"kanaliserede billeder\" class=\"wp-image-743\" style=\"width:276px;height:auto\" srcset=\"https:\/\/galleri-guldlok.dk\/wp-content\/uploads\/2025\/10\/A-personlig-billede-1024x711.jpg 1024w, https:\/\/galleri-guldlok.dk\/wp-content\/uploads\/2025\/10\/A-personlig-billede-300x208.jpg 300w, https:\/\/galleri-guldlok.dk\/wp-content\/uploads\/2025\/10\/A-personlig-billede-768x533.jpg 768w, https:\/\/galleri-guldlok.dk\/wp-content\/uploads\/2025\/10\/A-personlig-billede-1536x1066.jpg 1536w, https:\/\/galleri-guldlok.dk\/wp-content\/uploads\/2025\/10\/A-personlig-billede-2048x1421.jpg 2048w\" sizes=\"auto, (max-width: 767px) 89vw, (max-width: 1000px) 54vw, (max-width: 1071px) 543px, 580px\" \/><\/figure>\n\n\n\n<p class=\"has-text-color has-link-color has-medium-font-size wp-elements-88ec29822ae04c05f11187cb4433786e\" style=\"color:#2a8356\">N\u00f8glen til dit \u00e5ndelige ophav<\/p>\n\n\n\n\n\n<p><\/p>\n","protected":false},"excerpt":{"rendered":"<p>Har du brug for &#8211; eller kunne du t\u00e6nke dig &#8211; et personligt kanaliseret billede til dig selv? Jeg kan tilbyde &#8211; og har tilbud p\u00e5 f\u00f8lgende: 1. Intuitive malerier kanaliseret personligt til dig (billede sendes i jpg format, der kan \u00e5bnes p\u00e5 alle enheder. 2. Samme som 1. men inkl. kanaliseret musik indspillet personligt &hellip; <\/p>\n<p class=\"link-more\"><a href=\"https:\/\/galleri-guldlok.dk\/index.php\/butik\/\" class=\"more-link\">L\u00e6s videre<span class=\"screen-reader-text\"> &#8220;Butik&#8221;<\/span><\/a><\/p>\n","protected":false},"author":1,"featured_media":0,"parent":0,"menu_order":0,"comment_status":"closed","ping_status":"closed","template":"","meta":{"footnotes":""},"class_list":["post-699","page","type-page","status-publish","hentry"],"yoast_head":"<!-- This site is optimized with the Yoast SEO plugin v27.3 - https:\/\/yoast.com\/product\/yoast-seo-wordpress\/ -->\n<title>Butik - galleri-guldlok<\/title>\n<meta name=\"description\" content=\"Jeg kanaliserer tegninger og malerier der resonere med din vibration og din h\u00f8jere bevidsthed se mere p\u00e5 min hjemmeside galleri-guldlok\" \/>\n<meta name=\"robots\" content=\"index, follow, max-snippet:-1, max-image-preview:large, max-video-preview:-1\" \/>\n<link rel=\"canonical\" href=\"https:\/\/galleri-guldlok.dk\/index.php\/butik\/\" \/>\n<meta property=\"og:locale\" content=\"da_DK\" \/>\n<meta property=\"og:type\" content=\"article\" \/>\n<meta property=\"og:title\" content=\"Butik - galleri-guldlok\" \/>\n<meta property=\"og:description\" content=\"Jeg kanaliserer tegninger og malerier der resonere med din vibration og din h\u00f8jere bevidsthed se mere p\u00e5 min hjemmeside galleri-guldlok\" \/>\n<meta property=\"og:url\" content=\"https:\/\/galleri-guldlok.dk\/index.php\/butik\/\" \/>\n<meta property=\"og:site_name\" content=\"galleri-guldlok\" \/>\n<meta property=\"article:modified_time\" content=\"2025-10-26T20:30:51+00:00\" \/>\n<meta property=\"og:image\" content=\"https:\/\/galleri-guldlok.dk\/wp-content\/uploads\/2025\/10\/A-personlig-billede-scaled.jpg\" \/>\n\t<meta property=\"og:image:width\" content=\"2560\" \/>\n\t<meta property=\"og:image:height\" content=\"1776\" \/>\n\t<meta property=\"og:image:type\" content=\"image\/jpeg\" \/>\n<meta name=\"twitter:card\" content=\"summary_large_image\" \/>\n<meta name=\"twitter:label1\" content=\"Estimeret l\u00e6setid\" \/>\n\t<meta name=\"twitter:data1\" content=\"2 minutter\" \/>\n<script type=\"application\/ld+json\" class=\"yoast-schema-graph\">{\"@context\":\"https:\\\/\\\/schema.org\",\"@graph\":[{\"@type\":\"WebPage\",\"@id\":\"https:\\\/\\\/galleri-guldlok.dk\\\/index.php\\\/butik\\\/\",\"url\":\"https:\\\/\\\/galleri-guldlok.dk\\\/index.php\\\/butik\\\/\",\"name\":\"Butik - galleri-guldlok\",\"isPartOf\":{\"@id\":\"https:\\\/\\\/galleri-guldlok.dk\\\/#website\"},\"primaryImageOfPage\":{\"@id\":\"https:\\\/\\\/galleri-guldlok.dk\\\/index.php\\\/butik\\\/#primaryimage\"},\"image\":{\"@id\":\"https:\\\/\\\/galleri-guldlok.dk\\\/index.php\\\/butik\\\/#primaryimage\"},\"thumbnailUrl\":\"https:\\\/\\\/galleri-guldlok.dk\\\/wp-content\\\/uploads\\\/2025\\\/10\\\/A-personlig-billede-1024x711.jpg\",\"datePublished\":\"2025-10-24T22:25:00+00:00\",\"dateModified\":\"2025-10-26T20:30:51+00:00\",\"description\":\"Jeg kanaliserer tegninger og malerier der resonere med din vibration og din h\u00f8jere bevidsthed se mere p\u00e5 min hjemmeside galleri-guldlok\",\"breadcrumb\":{\"@id\":\"https:\\\/\\\/galleri-guldlok.dk\\\/index.php\\\/butik\\\/#breadcrumb\"},\"inLanguage\":\"da-DK\",\"potentialAction\":[{\"@type\":\"ReadAction\",\"target\":[\"https:\\\/\\\/galleri-guldlok.dk\\\/index.php\\\/butik\\\/\"]}]},{\"@type\":\"ImageObject\",\"inLanguage\":\"da-DK\",\"@id\":\"https:\\\/\\\/galleri-guldlok.dk\\\/index.php\\\/butik\\\/#primaryimage\",\"url\":\"https:\\\/\\\/galleri-guldlok.dk\\\/wp-content\\\/uploads\\\/2025\\\/10\\\/A-personlig-billede-scaled.jpg\",\"contentUrl\":\"https:\\\/\\\/galleri-guldlok.dk\\\/wp-content\\\/uploads\\\/2025\\\/10\\\/A-personlig-billede-scaled.jpg\",\"width\":2560,\"height\":1776,\"caption\":\"kanaliserede billeder\"},{\"@type\":\"BreadcrumbList\",\"@id\":\"https:\\\/\\\/galleri-guldlok.dk\\\/index.php\\\/butik\\\/#breadcrumb\",\"itemListElement\":[{\"@type\":\"ListItem\",\"position\":1,\"name\":\"Hjem\",\"item\":\"https:\\\/\\\/galleri-guldlok.dk\\\/\"},{\"@type\":\"ListItem\",\"position\":2,\"name\":\"Butik\"}]},{\"@type\":\"WebSite\",\"@id\":\"https:\\\/\\\/galleri-guldlok.dk\\\/#website\",\"url\":\"https:\\\/\\\/galleri-guldlok.dk\\\/\",\"name\":\"galleri-guldlok\",\"description\":\"En magisk billedeverden v\\\/AnnaBodil Lildholdt Rytz\",\"publisher\":{\"@id\":\"https:\\\/\\\/galleri-guldlok.dk\\\/#\\\/schema\\\/person\\\/13f16e1261ba18c8bc6c47510b9355ee\"},\"potentialAction\":[{\"@type\":\"SearchAction\",\"target\":{\"@type\":\"EntryPoint\",\"urlTemplate\":\"https:\\\/\\\/galleri-guldlok.dk\\\/?s={search_term_string}\"},\"query-input\":{\"@type\":\"PropertyValueSpecification\",\"valueRequired\":true,\"valueName\":\"search_term_string\"}}],\"inLanguage\":\"da-DK\"},{\"@type\":[\"Person\",\"Organization\"],\"@id\":\"https:\\\/\\\/galleri-guldlok.dk\\\/#\\\/schema\\\/person\\\/13f16e1261ba18c8bc6c47510b9355ee\",\"name\":\"admin\",\"image\":{\"@type\":\"ImageObject\",\"inLanguage\":\"da-DK\",\"@id\":\"https:\\\/\\\/galleri-guldlok.dk\\\/wp-content\\\/uploads\\\/2025\\\/04\\\/cropped-solsving.jpg\",\"url\":\"https:\\\/\\\/galleri-guldlok.dk\\\/wp-content\\\/uploads\\\/2025\\\/04\\\/cropped-solsving.jpg\",\"contentUrl\":\"https:\\\/\\\/galleri-guldlok.dk\\\/wp-content\\\/uploads\\\/2025\\\/04\\\/cropped-solsving.jpg\",\"width\":2000,\"height\":1200,\"caption\":\"admin\"},\"logo\":{\"@id\":\"https:\\\/\\\/galleri-guldlok.dk\\\/wp-content\\\/uploads\\\/2025\\\/04\\\/cropped-solsving.jpg\"},\"sameAs\":[\"https:\\\/\\\/galleri-guldlok.dk\"]}]}<\/script>\n<!-- \/ Yoast SEO plugin. -->","yoast_head_json":{"title":"Butik - galleri-guldlok","description":"Jeg kanaliserer tegninger og malerier der resonere med din vibration og din h\u00f8jere bevidsthed se mere p\u00e5 min hjemmeside galleri-guldlok","robots":{"index":"index","follow":"follow","max-snippet":"max-snippet:-1","max-image-preview":"max-image-preview:large","max-video-preview":"max-video-preview:-1"},"canonical":"https:\/\/galleri-guldlok.dk\/index.php\/butik\/","og_locale":"da_DK","og_type":"article","og_title":"Butik - galleri-guldlok","og_description":"Jeg kanaliserer tegninger og malerier der resonere med din vibration og din h\u00f8jere bevidsthed se mere p\u00e5 min hjemmeside galleri-guldlok","og_url":"https:\/\/galleri-guldlok.dk\/index.php\/butik\/","og_site_name":"galleri-guldlok","article_modified_time":"2025-10-26T20:30:51+00:00","og_image":[{"width":2560,"height":1776,"url":"https:\/\/galleri-guldlok.dk\/wp-content\/uploads\/2025\/10\/A-personlig-billede-scaled.jpg","type":"image\/jpeg"}],"twitter_card":"summary_large_image","twitter_misc":{"Estimeret l\u00e6setid":"2 minutter"},"schema":{"@context":"https:\/\/schema.org","@graph":[{"@type":"WebPage","@id":"https:\/\/galleri-guldlok.dk\/index.php\/butik\/","url":"https:\/\/galleri-guldlok.dk\/index.php\/butik\/","name":"Butik - galleri-guldlok","isPartOf":{"@id":"https:\/\/galleri-guldlok.dk\/#website"},"primaryImageOfPage":{"@id":"https:\/\/galleri-guldlok.dk\/index.php\/butik\/#primaryimage"},"image":{"@id":"https:\/\/galleri-guldlok.dk\/index.php\/butik\/#primaryimage"},"thumbnailUrl":"https:\/\/galleri-guldlok.dk\/wp-content\/uploads\/2025\/10\/A-personlig-billede-1024x711.jpg","datePublished":"2025-10-24T22:25:00+00:00","dateModified":"2025-10-26T20:30:51+00:00","description":"Jeg kanaliserer tegninger og malerier der resonere med din vibration og din h\u00f8jere bevidsthed se mere p\u00e5 min hjemmeside galleri-guldlok","breadcrumb":{"@id":"https:\/\/galleri-guldlok.dk\/index.php\/butik\/#breadcrumb"},"inLanguage":"da-DK","potentialAction":[{"@type":"ReadAction","target":["https:\/\/galleri-guldlok.dk\/index.php\/butik\/"]}]},{"@type":"ImageObject","inLanguage":"da-DK","@id":"https:\/\/galleri-guldlok.dk\/index.php\/butik\/#primaryimage","url":"https:\/\/galleri-guldlok.dk\/wp-content\/uploads\/2025\/10\/A-personlig-billede-scaled.jpg","contentUrl":"https:\/\/galleri-guldlok.dk\/wp-content\/uploads\/2025\/10\/A-personlig-billede-scaled.jpg","width":2560,"height":1776,"caption":"kanaliserede billeder"},{"@type":"BreadcrumbList","@id":"https:\/\/galleri-guldlok.dk\/index.php\/butik\/#breadcrumb","itemListElement":[{"@type":"ListItem","position":1,"name":"Hjem","item":"https:\/\/galleri-guldlok.dk\/"},{"@type":"ListItem","position":2,"name":"Butik"}]},{"@type":"WebSite","@id":"https:\/\/galleri-guldlok.dk\/#website","url":"https:\/\/galleri-guldlok.dk\/","name":"galleri-guldlok","description":"En magisk billedeverden v\/AnnaBodil Lildholdt Rytz","publisher":{"@id":"https:\/\/galleri-guldlok.dk\/#\/schema\/person\/13f16e1261ba18c8bc6c47510b9355ee"},"potentialAction":[{"@type":"SearchAction","target":{"@type":"EntryPoint","urlTemplate":"https:\/\/galleri-guldlok.dk\/?s={search_term_string}"},"query-input":{"@type":"PropertyValueSpecification","valueRequired":true,"valueName":"search_term_string"}}],"inLanguage":"da-DK"},{"@type":["Person","Organization"],"@id":"https:\/\/galleri-guldlok.dk\/#\/schema\/person\/13f16e1261ba18c8bc6c47510b9355ee","name":"admin","image":{"@type":"ImageObject","inLanguage":"da-DK","@id":"https:\/\/galleri-guldlok.dk\/wp-content\/uploads\/2025\/04\/cropped-solsving.jpg","url":"https:\/\/galleri-guldlok.dk\/wp-content\/uploads\/2025\/04\/cropped-solsving.jpg","contentUrl":"https:\/\/galleri-guldlok.dk\/wp-content\/uploads\/2025\/04\/cropped-solsving.jpg","width":2000,"height":1200,"caption":"admin"},"logo":{"@id":"https:\/\/galleri-guldlok.dk\/wp-content\/uploads\/2025\/04\/cropped-solsving.jpg"},"sameAs":["https:\/\/galleri-guldlok.dk"]}]}},"_links":{"self":[{"href":"https:\/\/galleri-guldlok.dk\/index.php\/wp-json\/wp\/v2\/pages\/699","targetHints":{"allow":["GET"]}}],"collection":[{"href":"https:\/\/galleri-guldlok.dk\/index.php\/wp-json\/wp\/v2\/pages"}],"about":[{"href":"https:\/\/galleri-guldlok.dk\/index.php\/wp-json\/wp\/v2\/types\/page"}],"author":[{"embeddable":true,"href":"https:\/\/galleri-guldlok.dk\/index.php\/wp-json\/wp\/v2\/users\/1"}],"replies":[{"embeddable":true,"href":"https:\/\/galleri-guldlok.dk\/index.php\/wp-json\/wp\/v2\/comments?post=699"}],"version-history":[{"count":35,"href":"https:\/\/galleri-guldlok.dk\/index.php\/wp-json\/wp\/v2\/pages\/699\/revisions"}],"predecessor-version":[{"id":853,"href":"https:\/\/galleri-guldlok.dk\/index.php\/wp-json\/wp\/v2\/pages\/699\/revisions\/853"}],"wp:attachment":[{"href":"https:\/\/galleri-guldlok.dk\/index.php\/wp-json\/wp\/v2\/media?parent=699"}],"curies":[{"name":"wp","href":"https:\/\/api.w.org\/{rel}","templated":true}]}}